{"id":39,"date":"2019-03-06T19:09:39","date_gmt":"2019-03-06T18:09:39","guid":{"rendered":"http:\/\/localhost\/wordpress\/?page_id=39"},"modified":"2019-06-12T15:33:02","modified_gmt":"2019-06-12T13:33:02","slug":"impressum","status":"publish","type":"page","link":"https:\/\/bewerbung.mh-luebeck.de\/wordpress\/","title":{"rendered":"Impressum"},"content":{"rendered":"\n<p><strong>Musikhochschule L\u00fcbeck<\/strong><br>Der&nbsp;Pr\u00e4sident<br>Gro\u00dfe Petersgrube 21<br>23552 L\u00fcbeck&nbsp;\n<\/p>\n\n\n\n<p>T: +49 (0)451 1505-0<br>F: +49 (0)451 1505-300<a href=\"javascript:linkTo_UnCryptMailto('jxfiql7fkclXje:irbybzh+ab');\"><br>info@mh-luebeck.de<\/a>\n<\/p>\n\n\n\n<p>USt.-ID.-Nr. DE813899818\n<\/p>\n\n\n\n<p><strong>Redaktion \/ Inhalte<\/strong><br>Musikhochschule L\u00fcbeck\n<\/p>\n\n\n\n<p><strong>Hinweise zum Urheberrecht<\/strong><br>Alle auf dieser \nWeb-Site ver\u00f6ffentlichten Texte und Bilddokumente befinden sich im \nBesitz der Musikhochschule L\u00fcbeck beziehungsweise der angegebenen \nAutoren. Eine &#8211; auch auszugsweise &#8211; Ver\u00f6ffentlichung in elektronischer \noder anderer Form bedarf unserer ausdr\u00fccklichen Zustimmung. Bitte setzen\n Sie sich gegebenenfalls mit uns in Verbindung.\n<\/p>\n\n\n\n<p><strong>Hinweise zu externen Links<\/strong><br>Mit einem \nUrteil vom 12. Mai 1998 hat das Landgericht Hamburg entschieden, dass \nman durch die Ausbringung eines Links die Inhalte der gelinkten Seite \nggf. mit zu verantworten hat. Dies kann, so das LG, nur dadurch \nverhindert werden, indem man sich ausdr\u00fccklich von diesen Inhalten \ndistanziert. Wir haben auf unseren Seiten Links zu anderen Seiten im \nInternet gelegt.\n<\/p>\n\n\n\n<p><strong>F\u00fcr alle&nbsp;externen Links gilt:<\/strong><br>Wir erkl\u00e4ren\n ausdr\u00fccklich, dass wir keinerlei Einfluss auf die Gestaltung und die \nInhalte der gelinkten Seiten haben. Deshalb distanzieren wir uns hiermit\n ausdr\u00fccklich von allen Inhalten aller gelinkten fremden Seiten auf \nunserer Internetpr\u00e4senz&nbsp; und machen uns deren Inhalte nicht zu Eigen. \nDiese Erkl\u00e4rung gilt f\u00fcr alle auf unserer Internetpr\u00e4senz angezeigten \nLinks und f\u00fcr alle Inhalte der Seiten, zu denen die bei uns angemeldeten\n Banner und Links f\u00fchren.\n<\/p>\n","protected":false},"excerpt":{"rendered":"<p>Musikhochschule L\u00fcbeckDer&nbsp;Pr\u00e4sidentGro\u00dfe Petersgrube 2123552 L\u00fcbeck&nbsp; T: +49 (0)451 1505-0F: +49 (0)451 1505-300info@mh-luebeck.de USt.-ID.-Nr. DE813899818 Redaktion \/ InhalteMusikhochschule L\u00fcbeck Hinweise zum UrheberrechtAlle auf dieser Web-Site ver\u00f6ffentlichten Texte und Bilddokumente befinden sich im Besitz der Musikhochschule L\u00fcbeck beziehungsweise der angegebenen Autoren. Eine &#8211; auch auszugsweise &#8211; Ver\u00f6ffentlichung in elektronischer oder anderer Form bedarf unserer ausdr\u00fccklichen Zustimmung. Bitte [&hellip;]<\/p>\n","protected":false},"author":1,"featured_media":0,"parent":0,"menu_order":0,"comment_status":"closed","ping_status":"closed","template":"fullwidth.php","meta":{"footnotes":""},"class_list":["post-39","page","type-page","status-publish","hentry"],"publishpress_future_action":{"enabled":false,"date":"2026-05-07 14:25:19","action":"change-status","newStatus":"draft","terms":[],"taxonomy":"","extraData":[]},"publishpress_future_workflow_manual_trigger":{"enabledWorkflows":[]},"_links":{"self":[{"href":"https:\/\/bewerbung.mh-luebeck.de\/wordpress\/index.php\/wp-json\/wp\/v2\/pages\/39","targetHints":{"allow":["GET"]}}],"collection":[{"href":"https:\/\/bewerbung.mh-luebeck.de\/wordpress\/index.php\/wp-json\/wp\/v2\/pages"}],"about":[{"href":"https:\/\/bewerbung.mh-luebeck.de\/wordpress\/index.php\/wp-json\/wp\/v2\/types\/page"}],"author":[{"embeddable":true,"href":"https:\/\/bewerbung.mh-luebeck.de\/wordpress\/index.php\/wp-json\/wp\/v2\/users\/1"}],"replies":[{"embeddable":true,"href":"https:\/\/bewerbung.mh-luebeck.de\/wordpress\/index.php\/wp-json\/wp\/v2\/comments?post=39"}],"version-history":[{"count":3,"href":"https:\/\/bewerbung.mh-luebeck.de\/wordpress\/index.php\/wp-json\/wp\/v2\/pages\/39\/revisions"}],"predecessor-version":[{"id":4789,"href":"https:\/\/bewerbung.mh-luebeck.de\/wordpress\/index.php\/wp-json\/wp\/v2\/pages\/39\/revisions\/4789"}],"wp:attachment":[{"href":"https:\/\/bewerbung.mh-luebeck.de\/wordpress\/index.php\/wp-json\/wp\/v2\/media?parent=39"}],"curies":[{"name":"wp","href":"https:\/\/api.w.org\/{rel}","templated":true}]}}